**2. Let v(g) be the first derivative of z(g). Give v(-6).
18
Let c(l) = 3*l**2 - 3*l - 3. Let t(q) = q**2 + q. Let k be 1 + (-1 - 4/4). Let o(n) = k*c(n) + 4*t(n). What is o(-5)?
-7
Suppose 9*b = 5*b + 848. Let h(s) = 5*s**2 + 1 - s**3 + 207*s + 6 - 2 - b*s. What is h(4)?
1
Let r(g) = 41*g**2 - 22*g**2 - 4*g + 2 - 17*g**2. Let k(x) = -x**2 - 8*x - 8. Let n be k(-6). Calculate r(n).
18
Let p(y) = -2*y - 4. Let l(x) = x - 10. Suppose 5*b - t = -0*t - 14, 3*b = -3*t + 6. Let q be (7/b)/(9/(-18)). Let v be l(q). Calculate p(v).
2
Let n = 7 + -5. Let b(d) be the second derivative of d**4/4 + d**3/3 - d**2/2 + 6*d - 3. Determine b(n).
15
Let u be 4 + -4 + (-4 - -12). Let q(z) = z**2 - 11*z + 17. Let y be q(u). Let n(w) = w + 10. What is n(y)?
3
Let a(m) = 6*m - 6. Let h be a(2). Let g be -5 - 3/h*-2. Let c(z) = -z**2 - 6*z - 5. What is c(g)?
3
Let b = 318 - 314. Let d(a) = 2*a - 5. Calculate d(b).
3
Suppose 15 = -12*a + 17*a. Suppose 2*z + 2 = 0, -g - a*z + 7 = -2*g. Let w(n) = -n**3 - 10*n**2 - n - 7. Give w(g).
3
Suppose -2*v - 3*o = 290, -614 + 34 = 4*v + 2*o. Let z = 139 + v. Let x(l) = -l**3 - 8*l**2 - 8*l + 3. Give x(z).
-21
Let j = -1977 + 1972. Let b(a) = a**2 + 10*a - 7. Give b(j).
-32
Suppose 0 = -2*w - 0*w - 4*l + 16, -w + 3*l - 7 = 0. Let g(t) = -8*t + 16*t + 0 - 1 - t**w - 5*t. Give g(1).
1
Let g(v) = -12*v - 1. Suppose 15 = 5*y, 2*r + 44 = -3*r + 3*y. Let z = r - -15. Let b = z + -9. Give g(b).
11
Let q(z) = z**2. Let b(l) = -9*l**2 - 3*l - 4. Let c(h) = h + 1. Let y(v) = b(v) + 4*c(v). Let o(u) = -6*q(u) - y(u). Determine o(-1).
4
Let y(u) = -u - 4. Let o be 8/5 - 4/(-10). Suppose 2*x + 2*x - 3*f + 5 = 0, -2*x - o*f = 20. Give y(x).
1
Let m(d) be the third derivative of d**6/120 - d**5/12 + d**4/24 + d**3/6 + d**2 + 2958*d. Let x be 60/14 - 4/14. Give m(x).
-11
Let t = -46 - -48. Let w(k) = -8*k**2 + 8*k**t + 2*k - 5*k**2 + k**3. Give w(2).
-8
Let b(w) = -2*w + 2. Suppose 4*z = 2*x + 2*x + 36, 5*z - 41 = 4*x. Determine b(x).
10
Let f(i) be the third derivative of -1/3*i**3 - 1/10*i**5 + 1/120*i**6 + 0*i + 5/24*i**4 - 20*i**2 + 0. What is f(5)?
-2
Let z = 0 - -8. Let v = 19 + -12. Let a(u) = -1 + 6 - v - u**2 + 10*u - 9. Determine a(z).
5
Let r(m) = -2*m**3 + 5*m**2 + m - 4. Let c(o) = o**3 - 3*o**2 + 2. Let x be (-7)/(49/36) - (-4)/28. Let f(l) = x*c(l) - 2*r(l). Give f(4).
6
Let j(k) = k**2 - 8*k - 4. Let x be j(8). Let f(z) = -2*z - 4. Let s be f(x). Let i(w) = -s + 4 - w + 3. Calculate i(6).
-3
Suppose a - 9 = -2*j, -13 = -2*j + 2*a + a. Let y(v) be the third derivative of v**6/120 - v**5/10 + v**4/6 + v**3/6 - 8*v**2. What is y(j)?
-4
Let l(c) = -405*c**2 - 1 + 5 + 207*c**2 + 206*c**2 + 5*c. Give l(-3).
61
Let j(i) = -i - 2. Suppose 0 = 2*b + 4*b - 120. Let o = -14 + b. Let a be o/2 + 9 + -6. Determine j(a).
-8
Let r(x) = -x**3 - x**2 + 3*x + 1. Suppose -7*q - 6 = -4*q. Calculate r(q).
-1
Let w(o) = -o - 14. Suppose 0 = x + 2 + 19. Let f be w(x). Let l(q) = -q**2 + 5*q + 10. Give l(f).
-4
Let k be (0 - (-2)/(-4))*-2. Let d(n) be the second derivative of n**3/6 + 17*n. Determine d(k).
1
Let n(f) = f**3 - 7*f**2 + 2*f + 2. Let i be -2 - 27 - (-5 + 0). Let h be (-40)/16*i/10. Give n(h).
-22
Let l(m) = -m - 2*m + 80 - 158 + 73. Give l(-4).
7
Let g = 400 + -400. Let w(p) be the third derivative of 0 + g*p + 6*p**2 + 1/12*p**4 - 2/3*p**3. What is w(5)?
6
Let z(h) = -h**2 - 13*h - 18. Let f(r) = -r**3 - 8*r**2 - 6*r + 30. Let m be f(-6). Determine z(m).
24
Suppose -19*c = -22*c + 6. Let k(d) = d + 2*d - 1 + c*d - d. What is k(1)?
3
Let r(m) = 33*m - 831. Let f be r(25). Let l(j) be the second derivative of j**4/12 + j**3 - 3*j**2/2 - j. Calculate l(f).
-3
Let k(i) = 118*i**2 - 11*i - 13. Let f(d) = -58*d**2 + 5*d + 6. Let z(l) = 13*f(l) + 6*k(l). Calculate z(-1).
-45
Let b(l) = -9*l - l**2 + l - 3 + 6*l + 10*l. Give b(5).
12
Let v(i) = -2*i + 19. Suppose 208*a + 5*z + 43 = 211*a, 3*a - 4*z - 38 = 0. Calculate v(a).
7
Let a(c) = -23*c**3 + 33*c**3 - 1 - 4*c**2 - 23*c**3 + 14*c**3 - 6*c - 2*c. Let w be 4 - (2/1 + -4). Determine a(w).
23
Let r(d) = d**2 + 1 + 0 + 0. Let l be r(1). Suppose l*v - 3 = v. Let q(c) = -c**3 + 2*c**2 + 2*c + 4. What is q(v)?
1
Let p(f) = -2*f**3 + 4*f**2 - 4*f + 2. Suppose 3*z = 4*i - 82, 0 = -5*z - 6*i + 4*i - 180. Let j = z - -36. Determine p(j).
-6
Let u(v) = -10*v**3 + v - 1. Suppose 5*h = -h + 42. Let a(k) = -h*k + 6*k + 3*k + 17 + k**3 + 8*k**2. Let z be a(-8). Give u(z).
-10
Let o be -8 - -10 - (-1 + -2 + 0). Let j(f) = -5 + 6 - o - f. Determine j(-3).
-1
Let v(c) = -c**3 - c**2 + c - 1. Let w(f) = 2*f**3 - 6*f**2 + 4*f + 4. Let a(x) = v(x) + w(x). Let o = -8 - -14. Calculate a(o).
-3
Let u(a) be the second derivative of -a**4/3 - a**3/6 + 3*a**2/2 - 6*a. Let r(v) = -3*v**2 - 2*v + 2. Let c(i) = -5*r(i) + 4*u(i). What is c(6)?
2
Let h be 1*(-2 + 4 + -2). Let z(x) = -5*x - 263 + 8*x - 4*x + 540 - 273. What is z(h)?
4
Let t(u) = -6 - 2*u**3 - 2*u + 6 + 11*u**2 - 8*u**2. Let r(h) = -h**2 + 3*h + 2. Let b be r(3). What is t(b)?
-8
Let k(a) = 12*a - a**2 + 14*a**2 + 430*a**3 - 13 - 429*a**3. Determine k(-12).
-13
Let m(w) = 3*w - 6. Let r(l) = -l**2 + 12*l + 18. Let n be r(13). Let k(q) = 7*q - 13. Suppose -3 = 5*i + 7. Let d(t) = i*k(t) + n*m(t). Give d(3).
-1
Let x(i) be the second derivative of -i**3/3 - 11*i**2/2 + 148*i. What is x(-10)?
9
Let w(r) = r - 1. Let v(k) = k**3 + k**2 + 1. Let f(a) = -5*a**3 + 3*a**2 + 5*a - 13. Let l(i) = -f(i) - 6*v(i). Let d be l(-8). Let x = d - -20. What is w(x)?
2
Suppose 20 = 5*y - 10. Let m be -3*1/3 - -2. Let l(h) = 1 - 51*h + 52*h - m. Give l(y).
6
Let p(u) = -10*u**3 + u + 7. Let m(h) = h**3 - 1. Let w(k) = 6*m(k) + p(k). Calculate w(-1).
4
Let k(v) = v**2 - v. Suppose -6*f = -1 - 17. Suppose -p - f = -2. Calculate k(p).
2
Let j(q) = -q**2 + 8*q - 8. Let s = -87 - -88. Suppose s = -u + 8. Calculate j(u).
-1
Let r(w) = -3*w**3 - 9*w**2 - 10*w - 25. Let f(v) = -4*v**3 - 14*v**2 - 14*v - 37. Let c(d) = -5*f(d) + 7*r(d). What is c(7)?
10
Let h(u) be the first derivative of u**3/3 - 3*u**2 - 6*u + 30. Give h(8).
10
Let p(j) be the first derivative of -j**3/3 - j**2 + 24*j + 694. Determine p(0).
24
Suppose -5*r = -0*r - 25. Let x(h) = 60*h - 59*h + 3 + 2 - 6. Give x(r).
4
Let u(i) = -i**3 + 10*i**2 + 12*i - 18. Suppose 5*z - 67 = 4*d, -16*z + 2*d - 49 = -21*z. What is u(z)?
-7
Suppose -j + 7 = -4*a - 0*a, 0 = 5*j - 4*a - 19. Let u(o) = -21*o + 10*o + j - 2 + 15*o. Let b = 3 + -2. Determine u(b).
5
Let d(m) be the first derivative of m**2 + 14*m - 38. Let l be d(-4). Let v(t) = t**2 - 7*t + 4. Give v(l).
-2
Let w be 1 - 1 - -1 - -3. Let f(i) = -w + i**3 + 2*i**2 + 5*i - 4*i + 6 + 2*i. Calculate f(-2).
-4
Let m(c) be the second derivative of -c**5/20 + c**4/2 - c**3/3 + 4*c**2 + 32*c - 1. Calculate m(6).
-4
Let h be -1*2 + 3 + -2. Let b be (h/(-2))/((-3)/(-36)). Let g(u) = -53*u**2 - 24*u + 11. Let s(w) = 20*w**2 + 8*w - 3. Let a(v) = -3*g(v) - 8*s(v). Give a(b).
3
Let v(p) = -2*p**3 + p**2 - 2*p. Let l(i) = 5*i**3 + 5*i**2 + 12*i - 7. Let b(z) = -l(z) - 2*v(z). Determine b(-5).
-3
Let v(u) = u**3 + 7*u**2 - 8*u + 7. Let m be ((-4)/5)/((-790)/100 - -8). What is v(m)?
7
Suppose 3067*g - 3054*g = -65. Let k(i) = i**3 + 4*i**2 - 7*i - 4. What is k(g)?
6
Let f(l) = -l**3 - 5*l**2 - 2*l + 1. Suppose 0 = b - 5, 2*q - 50 = -5*b + b. Let c be 1 + 5*-1 + -15 + q. Calculate f(c).
-7
Let h(o) = 10*o**2 - 2*o + 4. Let a(n) = 3*n**2 - n + 1. Let r(y) = 3*a(y) - h(y). Let b be (0*(-3)/6)/(-2). Determine r(b).
-1
Suppose 3*y + 7*c - 3*c - 24 = 0, -4*c + 8 = -y. Let v(s) = -s**3 + 4*s**2 + 2*s - 4. What is v(y)?
4
Suppose 8*j = 2*j + 18. Let i = -8 - -9. Suppose 5*p = 2*v - j*v - i, -5*v + 18 = 2*p. Let z(n) = -n**2 + 3*n. Calculate z(v).
-4
Let m(n) = n**2 - 6*n + 1. Let h be (0 + -1 + 11)/(-7)*-7. Suppose 0 = -3*l + 5*l - h. What is m(l)?
-4
Let t(v) = -2*v + 4. Suppose -5*i + 2 = -4*u + 1, 5*i + 27 = -3*u. Calculate t(i).
10
Let l(i) = -i**3 + 25*i**2 + 13*i + 336. Let q be l(26). Let a(s) = -5*s**2 + 4*s + 4. What is a(q)?
-24
Let y = 63 - 58. Suppose -y*i - 6 = b, -3*i + 9 - 35 = -5*b. Let x(u) = -u**2 + 7*u - 4. Give x(b).
8
Suppose 0 = 2*p + w + w - 36, 5*w = -2*p + 30. Suppose p = -r + 5*k, -k - 1 = -6. Let v(u) = u**3 - 4*u**2 - 2*u - 3. Calculate v(r).
12
Let n(q) = -q - 5. Le